{"id":8511,"date":"2023-09-05T10:02:30","date_gmt":"2023-09-05T10:02:30","guid":{"rendered":"https:\/\/fabrik.vamtam.com\/?page_id=8511"},"modified":"2025-09-01T08:51:32","modified_gmt":"2025-09-01T05:51:32","slug":"construct-iraq-erbil-2024","status":"publish","type":"page","link":"https:\/\/www.egesmuhendislik.com.tr\/ar\/etkinlikler\/construct-iraq-erbil-2024\/","title":{"rendered":"Construct Iraq &#8211; Erbil 2024"},"content":{"rendered":"<div data-elementor-type=\"wp-page\" data-elementor-id=\"8511\" class=\"elementor elementor-8511\" data-elementor-post-type=\"page\">\n\t\t\t\t\t\t<section class=\"elementor-section elementor-top-section elementor-element elementor-element-3a96fe3 elementor-section-stretched elementor-section-boxed elementor-section-height-default elementor-section-height-default\" data-id=\"3a96fe3\" data-element_type=\"section\" data-settings=\"{&quot;stretch_section&quot;:&quot;section-stretched&quot;}\">\n\t\t\t\t\t\t<div class=\"elementor-container elementor-column-gap-no\">\n\t\t\t\t\t<div class=\"elementor-column elementor-col-100 elementor-top-column elementor-element elementor-element-e63002e\" data-id=\"e63002e\" data-element_type=\"column\">\n\t\t\t<div class=\"elementor-widget-wrap elementor-element-populated\">\n\t\t\t\t\t\t<section class=\"elementor-section elementor-inner-section elementor-element elementor-element-8dd1ff4 elementor-section-boxed elementor-section-height-default elementor-section-height-default\" data-id=\"8dd1ff4\" data-element_type=\"section\" data-settings=\"{&quot;background_background&quot;:&quot;classic&quot;}\">\n\t\t\t\t\t\t<div class=\"elementor-container elementor-column-gap-default\">\n\t\t\t\t\t<div class=\"elementor-column elementor-col-50 elementor-inner-column elementor-element elementor-element-9195b7a\" data-id=\"9195b7a\" data-element_type=\"column\">\n\t\t\t<div class=\"elementor-widget-wrap elementor-element-populated\">\n\t\t\t\t\t\t<div class=\"elementor-element elementor-element-6465caf elementor-widget elementor-widget-text-editor\" data-id=\"6465caf\" data-element_type=\"widget\" data-widget_type=\"text-editor.default\">\n\t\t\t\t<div class=\"elementor-widget-container\">\n\t\t\t<style>\/*! elementor - v3.23.0 - 05-08-2024 *\/\n.elementor-widget-text-editor.elementor-drop-cap-view-stacked .elementor-drop-cap{background-color:#69727d;color:#fff}.elementor-widget-text-editor.elementor-drop-cap-view-framed .elementor-drop-cap{color:#69727d;border:3px solid;background-color:transparent}.elementor-widget-text-editor:not(.elementor-drop-cap-view-default) .elementor-drop-cap{margin-top:8px}.elementor-widget-text-editor:not(.elementor-drop-cap-view-default) .elementor-drop-cap-letter{width:1em;height:1em}.elementor-widget-text-editor .elementor-drop-cap{float:left;text-align:center;line-height:1;font-size:50px}.elementor-widget-text-editor .elementor-drop-cap-letter{display:inline-block}<\/style>\t\t\t\t<p><b><img decoding=\"async\" class=\"alignnone  wp-image-988151\" src=\"https:\/\/www.egesmuhendislik.com.tr\/wp-content\/uploads\/2024\/09\/irak-fuar-firma-logo-300x57.png\" alt=\"\" width=\"465\" height=\"88\" srcset=\"https:\/\/www.egesmuhendislik.com.tr\/wp-content\/uploads\/2024\/09\/irak-fuar-firma-logo-300x57.png 300w, https:\/\/www.egesmuhendislik.com.tr\/wp-content\/uploads\/2024\/09\/irak-fuar-firma-logo-1024x193.png 1024w, https:\/\/www.egesmuhendislik.com.tr\/wp-content\/uploads\/2024\/09\/irak-fuar-firma-logo-768x145.png 768w, https:\/\/www.egesmuhendislik.com.tr\/wp-content\/uploads\/2024\/09\/irak-fuar-firma-logo.png 1200w\" sizes=\"(max-width: 465px) 100vw, 465px\" \/><\/b><\/p>\n<p><b><br \/>6. Uluslararas\u0131 \u0130n\u015faat ve Yap\u0131 Fuar\u0131 , 24-27 Eyl\u00fcl 2024, Erbil Uluslararas\u0131 Fuar Merkezi<\/b><\/p>\n<p><b>\u00a0<\/b><\/p>\t\t\t\t\t\t<\/div>\n\t\t\t\t<\/div>\n\t\t\t\t<div class=\"elementor-element elementor-element-90997be elementor-widget elementor-widget-heading\" data-id=\"90997be\" data-element_type=\"widget\" data-widget_type=\"heading.default\">\n\t\t\t\t<div class=\"elementor-widget-container\">\n\t\t\t<style>\/*! elementor - v3.23.0 - 05-08-2024 *\/\n.elementor-heading-title{padding:0;margin:0;line-height:1}.elementor-widget-heading .elementor-heading-title[class*=elementor-size-]>a{color:inherit;font-size:inherit;line-height:inherit}.elementor-widget-heading .elementor-heading-title.elementor-size-small{font-size:15px}.elementor-widget-heading .elementor-heading-title.elementor-size-medium{font-size:19px}.elementor-widget-heading .elementor-heading-title.elementor-size-large{font-size:29px}.elementor-widget-heading .elementor-heading-title.elementor-size-xl{font-size:39px}.elementor-widget-heading .elementor-heading-title.elementor-size-xxl{font-size:59px}<\/style><h5 class=\"elementor-heading-title elementor-size-default\">Fuar Detaylar\u0131<\/h5>\t\t<\/div>\n\t\t\t\t<\/div>\n\t\t\t\t<div class=\"elementor-element elementor-element-5a9cf3f elementor-widget elementor-widget-text-editor\" data-id=\"5a9cf3f\" data-element_type=\"widget\" data-widget_type=\"text-editor.default\">\n\t\t\t\t<div class=\"elementor-widget-container\">\n\t\t\t\t\t\t\t<div>Fuar Tarihi:\u00a024 &#8211; 27 Eyl\u00fcl 2024<\/div><div>\u00a0<\/div><div>Ziyaret Saatleri:\u00a011.00 &#8211; 19.00 (27 September 11.00 &#8211; 17.00)<\/div><div>\u00a0<\/div><div>Fuar Alan\u0131:\u00a0Erbil Uluslararas\u0131 Fuar Merkezi\u00a0<\/div><div>\u00a0<\/div><div>2024 Beklenen Kat\u0131l\u0131mc\u0131 Say\u0131s\u0131:\u00a0400 +<\/div><div>\u00a0<\/div><div><b>2024 Beklenen Kay\u0131tl\u0131 Profesyonel Ziyaret\u00e7i:<\/b>\u00a010.000 + ( 2023 y\u0131l\u0131nda fuar ziyaret\u00e7ilerini % 34.5 i Erbil d\u0131\u015f\u0131ndan gelmi\u015ftir.)<\/div><div>\u00a0<\/div><div>Organiza\u00f6r:\u00a0So Fuar\u00a0<a href=\"https:\/\/www.sofuar.com\/\">www.sofuar.com<\/a>\u00a0<\/div><div>\u00a0<\/div><div>D\u00fczenlenme Say\u0131s\u0131:\u00a06 (2018&#8217;den beri organize edilmektedir)<\/div><div>\u00a0<\/div><div>Kapal\u0131 Fuar Alan\u0131 B\u00fcy\u00fckl\u00fc\u011f\u00fc:\u00a017.000 m2<\/div><div>\u00a0<\/div><div>2023 Y\u0131l\u0131 Kat\u0131l\u0131mc\u0131 Say\u0131s\u0131:\u00a0210<\/div><div>\u00a0<\/div><div>Kat\u0131l\u0131mc\u0131 Firmalar\u0131n \u00dclkeleri:\u00a0Azerbaycan, \u00c7in, Hindistan, \u0130ran, Irak, \u0130talya, Litvanya, T\u00fcrkiye, BAE<\/div><div>\u00a0<\/div><div>2023 Kay\u0131tl\u0131 Profesyonel Ziyaret\u00e7i :\u00a06.716 (halka kapal\u0131 fuar)<\/div>\t\t\t\t\t\t<\/div>\n\t\t\t\t<\/div>\n\t\t\t\t<div class=\"vamtam-has-theme-widget-styles elementor-element elementor-element-86a97d2 vamtam-has-underline-anim elementor-widget elementor-widget-button\" data-id=\"86a97d2\" data-element_type=\"widget\" data-widget_type=\"button.default\">\n\t\t\t\t<div class=\"elementor-widget-container\">\n\t\t\t\t\t<div class=\"elementor-button-wrapper\">\n\t\t\t<a class=\"elementor-button elementor-button-link elementor-size-sm\" href=\"https:\/\/www.egesmuhendislik.com.tr\/ar\/bize-ulasin\/\">\n\t\t\t\t\t\t<span class=\"elementor-button-content-wrapper\">\n\t\t\t\t\t\t<span class=\"elementor-button-icon\">\n\t\t\t\t<i aria-hidden=\"true\" class=\"vamtamtheme- vamtam-theme-arrow-right\"><\/i>\t\t\t<\/span>\n\t\t\t\t\t\t\t\t\t<span class=\"elementor-button-text\">Bizimle \u0130Leti\u015fime Ge\u00e7in<\/span>\n\t\t\t\t\t<\/span>\n\t\t\t\t\t<\/a>\n\t\t<\/div>\n\t\t\t\t<\/div>\n\t\t\t\t<\/div>\n\t\t\t\t\t<\/div>\n\t\t<\/div>\n\t\t\t\t<div class=\"elementor-column elementor-col-50 elementor-inner-column elementor-element elementor-element-b6592c8 elementor-hidden-tablet elementor-hidden-mobile\" data-id=\"b6592c8\" data-element_type=\"column\">\n\t\t\t<div class=\"elementor-widget-wrap\">\n\t\t\t\t\t\t\t<\/div>\n\t\t<\/div>\n\t\t\t\t\t<\/div>\n\t\t<\/section>\n\t\t\t\t\t<\/div>\n\t\t<\/div>\n\t\t\t\t\t<\/div>\n\t\t<\/section>\n\t\t\t\t<\/div>","protected":false},"excerpt":{"rendered":"<p>Irak&#8217;\u0131n \u00d6nde Gelen \u0130n\u015faat Sekt\u00f6r\u00fc Fuar\u0131<br \/>\n400 kat\u0131l\u0131mc\u0131 ve sadece profesyonel ziyaret\u00e7i profili ile<\/p>","protected":false},"author":1,"featured_media":988140,"parent":153,"menu_order":0,"comment_status":"closed","ping_status":"closed","template":"","meta":{"footnotes":""},"class_list":["post-8511","page","type-page","status-publish","has-post-thumbnail","hentry"],"_links":{"self":[{"href":"https:\/\/www.egesmuhendislik.com.tr\/ar\/wp-json\/wp\/v2\/pages\/8511","targetHints":{"allow":["GET"]}}],"collection":[{"href":"https:\/\/www.egesmuhendislik.com.tr\/ar\/wp-json\/wp\/v2\/pages"}],"about":[{"href":"https:\/\/www.egesmuhendislik.com.tr\/ar\/wp-json\/wp\/v2\/types\/page"}],"author":[{"embeddable":true,"href":"https:\/\/www.egesmuhendislik.com.tr\/ar\/wp-json\/wp\/v2\/users\/1"}],"replies":[{"embeddable":true,"href":"https:\/\/www.egesmuhendislik.com.tr\/ar\/wp-json\/wp\/v2\/comments?post=8511"}],"version-history":[{"count":9,"href":"https:\/\/www.egesmuhendislik.com.tr\/ar\/wp-json\/wp\/v2\/pages\/8511\/revisions"}],"predecessor-version":[{"id":988154,"href":"https:\/\/www.egesmuhendislik.com.tr\/ar\/wp-json\/wp\/v2\/pages\/8511\/revisions\/988154"}],"up":[{"embeddable":true,"href":"https:\/\/www.egesmuhendislik.com.tr\/ar\/wp-json\/wp\/v2\/pages\/153"}],"wp:featuredmedia":[{"embeddable":true,"href":"https:\/\/www.egesmuhendislik.com.tr\/ar\/wp-json\/wp\/v2\/media\/988140"}],"wp:attachment":[{"href":"https:\/\/www.egesmuhendislik.com.tr\/ar\/wp-json\/wp\/v2\/media?parent=8511"}],"curies":[{"name":"wp","href":"https:\/\/api.w.org\/{rel}","templated":true}]}}

<div data-elementor-type="wp-page" data-elementor-id="8511" class="elementor elementor-8511" data-elementor-post-type="page">
						<section class="elementor-section elementor-top-section elementor-element elementor-element-3a96fe3 elementor-section-stretched elementor-section-boxed elementor-section-height-default elementor-section-height-default" data-id="3a96fe3" data-element_type="section" data-settings="{&quot;stretch_section&quot;:&quot;section-stretched&quot;}">
						<div class="elementor-container elementor-column-gap-no">
					<div class="elementor-column elementor-col-100 elementor-top-column elementor-element elementor-element-e63002e" data-id="e63002e" data-element_type="column">
			<div class="elementor-widget-wrap elementor-element-populated">
						<section class="elementor-section elementor-inner-section elementor-element elementor-element-8dd1ff4 elementor-section-boxed elementor-section-height-default elementor-section-height-default" data-id="8dd1ff4" data-element_type="section" data-settings="{&quot;background_background&quot;:&quot;classic&quot;}">
						<div class="elementor-container elementor-column-gap-default">
					<div class="elementor-column elementor-col-50 elementor-inner-column elementor-element elementor-element-9195b7a" data-id="9195b7a" data-element_type="column">
			<div class="elementor-widget-wrap elementor-element-populated">
						<div class="elementor-element elementor-element-6465caf elementor-widget elementor-widget-text-editor" data-id="6465caf" data-element_type="widget" data-widget_type="text-editor.default">
				<div class="elementor-widget-container">
			<style>/*! elementor - v3.23.0 - 05-08-2024 */
.elementor-widget-text-editor.elementor-drop-cap-view-stacked .elementor-drop-cap{background-color:#69727d;color:#fff}.elementor-widget-text-editor.elementor-drop-cap-view-framed .elementor-drop-cap{color:#69727d;border:3px solid;background-color:transparent}.elementor-widget-text-editor:not(.elementor-drop-cap-view-default) .elementor-drop-cap{margin-top:8px}.elementor-widget-text-editor:not(.elementor-drop-cap-view-default) .elementor-drop-cap-letter{width:1em;height:1em}.elementor-widget-text-editor .elementor-drop-cap{float:left;text-align:center;line-height:1;font-size:50px}.elementor-widget-text-editor .elementor-drop-cap-letter{display:inline-block}</style>				<p><b><img decoding="async" class="alignnone  wp-image-988151" src="https://www.egesmuhendislik.com.tr/wp-content/uploads/2024/09/irak-fuar-firma-logo-300x57.png" alt="" width="465" height="88" srcset="https://www.egesmuhendislik.com.tr/wp-content/uploads/2024/09/irak-fuar-firma-logo-300x57.png 300w, https://www.egesmuhendislik.com.tr/wp-content/uploads/2024/09/irak-fuar-firma-logo-1024x193.png 1024w, https://www.egesmuhendislik.com.tr/wp-content/uploads/2024/09/irak-fuar-firma-logo-768x145.png 768w, https://www.egesmuhendislik.com.tr/wp-content/uploads/2024/09/irak-fuar-firma-logo.png 1200w" sizes="(max-width: 465px) 100vw, 465px" /></b></p>
<p><b><br />6. Uluslararası İnşaat ve Yapı Fuarı , 24-27 Eylül 2024, Erbil Uluslararası Fuar Merkezi</b></p>
<p><b> </b></p>						</div>
				</div>
				<div class="elementor-element elementor-element-90997be elementor-widget elementor-widget-heading" data-id="90997be" data-element_type="widget" data-widget_type="heading.default">
				<div class="elementor-widget-container">
			<style>/*! elementor - v3.23.0 - 05-08-2024 */
.elementor-heading-title{padding:0;margin:0;line-height:1}.elementor-widget-heading .elementor-heading-title[class*=elementor-size-]>a{color:inherit;font-size:inherit;line-height:inherit}.elementor-widget-heading .elementor-heading-title.elementor-size-small{font-size:15px}.elementor-widget-heading .elementor-heading-title.elementor-size-medium{font-size:19px}.elementor-widget-heading .elementor-heading-title.elementor-size-large{font-size:29px}.elementor-widget-heading .elementor-heading-title.elementor-size-xl{font-size:39px}.elementor-widget-heading .elementor-heading-title.elementor-size-xxl{font-size:59px}</style><h5 class="elementor-heading-title elementor-size-default">Fuar Detayları</h5>		</div>
				</div>
				<div class="elementor-element elementor-element-5a9cf3f elementor-widget elementor-widget-text-editor" data-id="5a9cf3f" data-element_type="widget" data-widget_type="text-editor.default">
				<div class="elementor-widget-container">
							<div>Fuar Tarihi: 24 &#8211; 27 Eylül 2024</div><div> </div><div>Ziyaret Saatleri: 11.00 &#8211; 19.00 (27 September 11.00 &#8211; 17.00)</div><div> </div><div>Fuar Alanı: Erbil Uluslararası Fuar Merkezi </div><div> </div><div>2024 Beklenen Katılımcı Sayısı: 400 +</div><div> </div><div><b>2024 Beklenen Kayıtlı Profesyonel Ziyaretçi:</b> 10.000 + ( 2023 yılında fuar ziyaretçilerini % 34.5 i Erbil dışından gelmiştir.)</div><div> </div><div>Organizaör: So Fuar <a href="https://www.sofuar.com/">www.sofuar.com</a> </div><div> </div><div>Düzenlenme Sayısı: 6 (2018&#8217;den beri organize edilmektedir)</div><div> </div><div>Kapalı Fuar Alanı Büyüklüğü: 17.000 m2</div><div> </div><div>2023 Yılı Katılımcı Sayısı: 210</div><div> </div><div>Katılımcı Firmaların Ülkeleri: Azerbaycan, Çin, Hindistan, İran, Irak, İtalya, Litvanya, Türkiye, BAE</div><div> </div><div>2023 Kayıtlı Profesyonel Ziyaretçi : 6.716 (halka kapalı fuar)</div>						</div>
				</div>
				<div class="vamtam-has-theme-widget-styles elementor-element elementor-element-86a97d2 vamtam-has-underline-anim elementor-widget elementor-widget-button" data-id="86a97d2" data-element_type="widget" data-widget_type="button.default">
				<div class="elementor-widget-container">
					<div class="elementor-button-wrapper">
			<a class="elementor-button elementor-button-link elementor-size-sm" href="https://www.egesmuhendislik.com.tr/ar/bize-ulasin/">
						<span class="elementor-button-content-wrapper">
						<span class="elementor-button-icon">
				<i aria-hidden="true" class="vamtamtheme- vamtam-theme-arrow-right"></i>			</span>
									<span class="elementor-button-text">Bizimle İLetişime Geçin</span>
					</span>
					</a>
		</div>
				</div>
				</div>
					</div>
		</div>
				<div class="elementor-column elementor-col-50 elementor-inner-column elementor-element elementor-element-b6592c8 elementor-hidden-tablet elementor-hidden-mobile" data-id="b6592c8" data-element_type="column">
			<div class="elementor-widget-wrap">
							</div>
		</div>
					</div>
		</section>
					</div>
		</div>
					</div>
		</section>
				</div>

<p>Irak&#8217;ın Önde Gelen İnşaat Sektörü Fuarı<br />
400 katılımcı ve sadece profesyonel ziyaretçi profili ile</p>
